7*v**3 + 6*v**2 + 28*v - 24. What are the prime factors of m(7)?
3, 2099
Suppose o - 37 = -3*k, 3*k + o = 4*k - 15. Let y(a) = -a**3 + 1 - 13*a - 2688*a**2 - 3 + 2703*a**2 + 3 + 1. List the prime factors of y(k).
3, 19
Suppose u - 3293 = 2*c, 4*u = -u - c + 16465. Suppose 5*t + 1031 + 306 = 2*j, u = 5*j + 4*t. What are the prime factors of j?
661
Let t(j) = 2*j + 39. Let c be t(-16). Suppose -3*o + 3389 = 5*h, -5*o = 8*h - c*h - 669. List the prime factors of h.
7, 97
Let y be (0 - 16)*(95/20 - 5). Suppose -3*l = y*i - 4408, -6*l + 5*i = -11*l + 7355. List the prime factors of l.
2, 3, 41
Let l = -259 + 259. Suppose 0 = -4*j - 8, 3*y = 2*j - 3*j + 37. Let w = y - l. List the prime factors of w.
13
Suppose 5*x - 3*g = 14 + 1, -5*x = 2*g + 10. Suppose 2*i - 11*i + 5400 = x. List the prime factors of i.
2, 3, 5
Let b = 1925 - 1232. Suppose 0 = -8*o + o + b. What are the prime factors of o?
3, 11
Let w = 1269 - 869. Suppose -1317 = 397*j - w*j. What are the prime factors of j?
439
Let d = 880 - 467. Let m = -201 + d. List the prime factors of m.
2, 53
Suppose -3*z + 7*z - 868 = 0. Suppose 4*m - 855 = 3*h, m + 0*m - z = 4*h. List the prime factors of m.
3, 71
Suppose -44*i + 45*i - 220 = 0. Let h = 360 - i. List the prime factors of h.
2, 5, 7
Suppose -89*b + 52*b + 954674 = 0. What are the prime factors of b?
2, 7, 19, 97
Let i(m) be the second derivative of 1/2*m**3 - 3 - 11*m + 43*m**2. What are the prime factors of i(29)?
173
Suppose 5*w = m + w + 1982, -2*w - 6 = 0. Let u = m - -2869. List the prime factors of u.
5, 7
Let u = 99 - 68. Let j = 227 - u. What are the prime factors of j?
2, 7
Let v = -1 - -6. Let k(g) = g**3 - 6*g**2 - 2*g + 12. Let m be k(v). Let f = 85 - m. What are the prime factors of f?
2, 3
Let d(f) = 4*f**2 + 130*f - 792. What are the prime factors of d(6)?
2, 3, 11
Suppose j - 1808 - 2 = 0. Suppose 3*c = -o + 647, -3*o + c + 101 + j = 0. Let v = o + -446. What are the prime factors of v?
2, 3
Let v = 570 + 333. Suppose 3*m + n - v - 724 = 0, n = -2. List the prime factors of m.
3, 181
Let z(k) = -k**2 - 19*k + 34. Let d be z(-17). Let b = d - -26. What are the prime factors of b?
2, 47
Suppose 218*r - 291*r + 4793399 = 0. What are the prime factors of r?
13, 5051
Suppose 0 = 474*f - 3363991 - 2642063. List the prime factors of f.
12671
Suppose -3995 = -3*t + c, -4*t + 35*c + 5320 = 32*c. What are the prime factors of t?
31, 43
Suppose 4*i = -q + 77487, -7*i = -6*i + 9*q - 19433. List the prime factors of i.
2, 5, 13, 149
What are the prime factors of ((-3)/(-12))/(10/(-2534800)*-10)?
6337
Let g be (-5)/(-2)*28/70. What are the prime factors of (-83*(2 - 5))/g?
3, 83
Let g(w) = w - 1. Let o = -34 - -49. Let a be g(o). What are the prime factors of (-62)/((a/(-4))/7)?
2, 31
Let w(p) be the first derivative of p**4/4 + 2*p**3 + 32*p + 53. List the prime factors of w(5).
307
Suppose -15*w + 36 = 6. Suppose 4*n = 2*l + 7*n - 163, -l - w*n = -83. List the prime factors of l.
7, 11
Let o be 40/(-12) - 24/(-18). List the prime factors of o/(51/(-170)*(-2)/(-60)).
2, 5
Suppose 0 = -18*o + 13*o - 4085. What are the prime factors of o/344*(-8 - 0)?
19
Let v(w) = -407*w**3 - 4*w**2 - 5*w - 3. Let q be v(-1). Let a = q + -65. What are the prime factors of a?
2, 5, 17
Suppose -36 = -3*q - 2*j, 4*q = 7*j - 6*j + 48. Suppose q*t = 172 + 1556. List the prime factors of t.
2, 3
Suppose 88933 = 6*s - 24869. What are the prime factors of s?
13, 1459
List the prime factors of 10/175*14 - (-1044232)/35.
2, 7459
Let b(t) = -4*t**3 - t**2 + 2*t - 16. Let c = 124 + -129. List the prime factors of b(c).
449
Let k = 19049 + -497. What are the prime factors of k?
2, 3, 773
Suppose -5*g = -g - 48. Suppose -8*x + g = -4. What are the prime factors of x + 66 - 14/7?
2, 3, 11
Let d(x) = 200*x**2 + 3*x + 3. Let j be d(-2). Let q = j - 691. What are the prime factors of q?
2, 53
Let h = 195 + -194. Let z(v) = 558*v - 10. What are the prime factors of z(h)?
2, 137
Let c be -77*(-22)/4 + (-26)/(-52). Suppose -5*w + 1025 = 16*b - 14*b, 2*w - c = 2*b. What are the prime factors of w?
3, 23
Let w = 281 + -277. Let v(i) = 32*i - 2. Let d be v(7). Suppose -c = -w*c + d. List the prime factors of c.
2, 37
Suppose 6*a - 72 = 2*a. Suppose -5*j + 11*j - a = 0. Suppose 4*p = j*n + 49 - 16, -p - n + 17 = 0. What are the prime factors of p?
2, 3
Let x = -30838 + 43683. What are the prime factors of x?
5, 7, 367
What are the prime factors of (-25 + (-1638)/(-72))/(2/(-37840))?
2, 3, 5, 11, 43
Let a(x) = -24*x + 37. Let l(d) = 120*d - 183. Let w(q) = -21*a(q) - 4*l(q). List the prime factors of w(16).
3, 113
What are the prime factors of (-20)/12*(-212499)/105?
3373
Suppose 15*h + 2847 = -4353. Let v = h + 814. List the prime factors of v.
2, 167
Let t be (-6 - -8)/((-6)/12). What are the prime factors of 92/24 + t - (-7731)/54?
11, 13
Suppose 4*j - 134344 = w, -13*w + 18*w + 67172 = 2*j. What are the prime factors of j?
2, 7, 2399
Let y(x) = 376*x**2 - 24*x - 161. What are the prime factors of y(-4)?
11, 541
Let r be ((-51)/(-153))/((-2)/(-60)). List the prime factors of 460/8*64/r.
2, 23
Let b(z) = 3*z**3 + 18*z**2 - 34. Let s(c) = -c**3 + c + 2. Let i(r) = b(r) + 4*s(r). What are the prime factors of i(9)?
739
Let f(s) = s**2 - 101*s + 681. What are the prime factors of f(0)?
3, 227
Let l(n) be the second derivative of n**4/6 + 25*n**3/6 + 61*n**2/2 + 4*n. What are the prime factors of l(-17)?
2, 107
Let h be 2/((-2)/(-15)*3). Suppose -y = -h*y + 1556. Let d = -250 + y. List the prime factors of d.
139
Suppose -6*i + 59205 = 3*i + 6*i. List the prime factors of i.
3947
List the prime factors of 31*((-1790)/(-50))/(6/30).
31, 179
Let t be -2 + (1 - -7)*(-17)/(-4). Suppose 0 = t*u - 27*u - 1150. What are the prime factors of u?
2, 5, 23
Suppose -147*o + 16588 = -143*o - 4*g, -5*g - 4147 = -o. List the prime factors of o.
11, 13, 29
Suppose 3180 = 3*r + 3*f - 15036, 5*f = -25. List the prime factors of r.
59, 103
Suppose 5*h = 3*u - 8, 26 = 4*u + 2*h - h. Suppose u*b = 4*b + 470. What are the prime factors of b?
5, 47
Let c(a) = 264*a - 639. What are the prime factors of c(22)?
3, 1723
Suppose -26*a = -71*a + 810855. List the prime factors of a.
37, 487
Let f = -24 + 34. Let u be (-1)/(((-2)/(-10))/(272/(-170))). Suppose u*v + 416 = f*v. What are the prime factors of v?
2, 13
Suppose 0 = 102*w - 113*w - 5137. Let t = w - -1076. List the prime factors of t.
3, 7, 29
List the prime factors of (5 - 52518/(-3)) + -6 + 0/10.
3, 5, 389
Suppose -4*o = -49 + 41. Let c be (101/o)/(11/(-2) + 6). Let f = c + -53. What are the prime factors of f?
2, 3
Suppose -2*c + 7*c = 15, -2*i - 5*c = -5. Let y be (i/5)/((-2)/(-486)). Let u = y + 352. What are the prime factors of u?
109
Suppose 5*r + 34 = 22*r. Suppose -2*z + 2*t = -314, 34*z - 32*z + r*t - 334 = 0. What are the prime factors of z?
2, 3
Let g(j) = -1 - 2*j**2 + 16*j - 23 + 3*j**2 - 9. Let k be g(-23). Let q = 221 - k. List the prime factors of q.
3, 31
Let c(k) = 11*k**2 - 11*k + 27. Let y(o) = 32*o - 245. Let b be y(8). List the prime factors of c(b).
1237
Suppose 5*g - n = 1118, -2*g - 3*n = -8*n - 461. Suppose 5*a - 8 = -g. Let t = a - -91. List the prime factors of t.
2, 3
Suppose -2*z + 815 = -5*c - 10124, -3*z = 3*c - 16419. What are the prime factors of z?
2, 3, 19
Suppose -2*z - 13*u = -11*u - 20292, 0 = 3*z - u - 30458. List the prime factors of z.
10151
Suppose -35 = -5*u - 5. Suppose y - 3*c = u*y - 13, 0 = -2*y + 4*c. Suppose 2*t - 3*x = 24, -y*t + 2*x + 28 = -0*x. List the prime factors of t.
2, 3
Let v = 112515 - 77160. What are the prime factors of v?
3, 5, 2357
Suppose -3*q - 2*q = 2*q. Suppose -3*z = -q*z - 6. Suppose 4*v - v + 2*p = 88, -z*v = 5*p - 44. What are the prime factors of v?
2
Let x(c) = -c**3 + 23*c**2 - 3*c + 13. Let t be x(10). Suppose -8*o + 3765 = -t. What are the prime factors of o?
631
Let c = -1014 + 1539. Let k = 1159 - c. List the prime factors of k.
2, 317
Let o(p) be the second derivative of 2/3*p**4 - 8*p - 3/2*p**3 + 1/2*p**2 + 0. List the prime factors of o(4).
3, 31
Let y(h) = 1542*h - 2533. What are the prime factors of y(22)?
31391
Suppose 3129 = -12*p + 13*p + v, -6237 = -2*p + 5*v. List the prime factors of p.
2, 3, 521
Let r = 227 + -141. Let t = -69 + r. What are the prime 